y a?
36
Suppose -5*r - 4 = -3*r, -5*g + 20 = 5*r. Let m(l) = l**2 - 3*l + 4. Calculate the remainder when 30 is divided by m(g).
8
Suppose 149*d - 209*d + 2760 = 0. Calculate the remainder when 155 is divided by d.
17
Suppose -b = 964 + 908. Let l be (b/40*(-5)/2)/(-1). Let o = l + 267. Calculate the remainder when o is divided by 51.
48
Suppose -6*d + 31 - 1 = 0. Suppose -4*f = d*f - 504. Let q = -44 + f. Calculate the remainder when 31 is divided by q.
7
Suppose -4*z + 310 = 5*o - 5*z, 4*o - 272 = -4*z. What is the remainder when 293 is divided by o?
41
Let m(c) = -c**3 + 6*c**2 - 4*c + 16. Let k be m(6). Let f = k + 41. What is the remainder when f is divided by 19?
14
Let r(f) = f**3 + 8*f**2 - 6*f + 33. What is the remainder when (-525)/(-10) - 15/10 is divided by r(-9)?
3
What is the remainder when 1525 is divided by (-6 - 0) + -20 + 56?
25
Suppose -4*m - 4*q = -0*m - 320, 2*m + 3*q = 159. Suppose -32*p = 4*t - 27*p - m, -4*t = p - 77. What is the remainder when 55 is divided by t?
17
Calculate the remainder when 447 is divided by 374/(-136)*(-4 + 0)/1.
7
Suppose -171*r - 6 = -169*r. What is the remainder when 339 is divided by (9/r)/((-21)/238)?
33
Let h(x) be the first derivative of -x**3/3 - 19*x**2 - 343*x - 280. What is the remainder when 41 is divided by h(-17)?
13
Suppose v - 108*h + 21 = -93*h, -v + 5*h - 1 = 0. Suppose 2*m + 117 = 7*m - u, 0 = 3*m - 3*u - 63. Calculate the remainder when m is divided by v.
6
Suppose -4*v - 7*u - 3052 = -9*u, -4 = 2*u. Let r = v + 777. Calculate the remainder when 43 is divided by r.
4
Let x be 150/22 + 22/121. Suppose -x*q - 78 + 253 = 0. What is the remainder when 72 is divided by q?
22
Let b be (-4)/6 + 41/3 + -3. Suppose 8*s - b*s + 6 = 0. Suppose 2 = -3*a + 8. Calculate the remainder when s is divided by a.
1
Suppose 5 - 15 = 5*t. Let z be t*(-249)/12*2. Suppose 0 = -2*y + 47 + z. Calculate the remainder when y is divided by 11.
10
Calculate the remainder when ((-22)/(-66))/((-1)/(-471)) is divided by 74.
9
Let j = -34 - -34. Suppose j = 3*m - m + 58. Let a = -19 - m. Calculate the remainder when 59 is divided by a.
9
Suppose -4*x - 5*a + a = -44, 0 = -4*a - 4. Suppose 28 = n - 128. Suppose 16*d - n = x*d. Calculate the remainder when 115 is divided by d.
37
Suppose -g - 8*f = -7*f - 436, g - 466 = 5*f. Suppose 209*p + g = 212*p. What is the remainder when p is divided by 42?
21
Let j = 61 - 111. What is the remainder when ((-174)/(-4))/((-25)/j) is divided by 11?
10
Let o(v) = v**3 - v**2 - 4*v + 1. Suppose 4*j - 12 + 0 = 0. Suppose 0 = 4*l - 5*g - 152, 7*l - 301 = 2*l - 3*g. What is the remainder when l is divided by o(j)?
4
Let a(i) = 2*i**2 - 59*i - 66. Calculate the remainder when a(35) is divided by 78.
7
Let m = -58 - -67. What is the remainder when 57 is divided by 60/m*9/6?
7
Let h(q) be the third derivative of -q**6/60 - q**5/10 + 11*q**4/24 - q**3/6 - 106*q**2. Calculate the remainder when h(-5) is divided by (-92)/(-6) + (-4)/12.
14
Calculate the remainder when 925 is divided by (-18)/18 + (-1)/(3/(-30)).
7
Suppose u + 3 = 2*v, -u + 2*v + 52 = -5*u. Let h = 23 + u. Calculate the remainder when 33 is divided by h + -8 + 3 + 0.
5
Let b(u) = 8*u**3 - 26*u**2 + 20*u - 24. What is the remainder when b(11) is divided by 110?
108
Suppose 5 = -t, 4*a + 3*t = 205 + 88. Let w(u) = u**3 - 18*u**2 + 11*u + 100. Let l be w(17). Calculate the remainder when a is divided by 20 - (l/5 + 76/190).
17
Suppose -3*u - 137 = -4*k, k - 67 = -k + 3*u. Calculate the remainder when 71 is divided by (-1 - -2) + -10 + k.
19
Let b(q) = -2*q - 101. Let a(r) = -r - 1. Let v(c) = -3*a(c) - b(c). Calculate the remainder when 91 is divided by v(-17).
15
Let w be (0 + -1)*15*18/15. Let q be (-946)/(-198) - 4/w. Suppose 9*p - 88 = q*p. What is the remainder when 43 is divided by p?
21
Let x = 1617 - 1224. What is the remainder when x is divided by 87?
45
Suppose 5*r = -t + 4535, 5*t + 2804 = 3*r - 11*t. Calculate the remainder when r is divided by 225.
8
Let x(p) = 42*p**2 - 198*p - 1469. Calculate the remainder when x(-7) is divided by 13.
12
Suppose 74 = -172*s + 174*s. Suppose s*n - 189 = 30*n. Calculate the remainder when 58 is divided by n.
4
Let s(z) be the second derivative of z**4/12 + 11*z**3/6 - 13*z**2/2 - z - 20. Calculate the remainder when 24 is divided by s(2).
11
Let i(p) = -4*p + 7*p - 18*p + 66 + 0*p. Calculate the remainder when 103 is divided by i(3).
19
Let y = -639 - -640. Suppose -33*j + 32*j + y = 0. Calculate the remainder when 2 is divided by j.
0
Let u = 2914 - 2901. What is the remainder when 2506 is divided by u?
10
Let c(b) = -23*b**2 + 202*b - 32. Calculate the remainder when c(7) is divided by 20.
15
Let u be (-4 - -4)/(6/(-6)). Suppose -w + 90 = 2*s, -14*s + 9*s + 25 = u. What is the remainder when w is divided by 41?
39
Let x(u) = 2*u + 8. Let y be x(-10). Let l be (-1 + 4/y*-2)*-147. Suppose 186 + l = 5*r. Calculate the remainder when r is divided by 17.
13
Let w(a) = a**3 - 2*a**2 + 23*a - 56. What is the remainder when 371 is divided by w(5)?
103
Let j = 33354 + -30738. What is the remainder when j is divided by 1305?
6
What is the remainder when 1/((-7 + 306/45)*10/(-3462)) is divided by 158?
151
Suppose -3*a = 2*i - 4040, 4*i = 548 - 532. Calculate the remainder when a is divided by 316.
80
Suppose -3*g + 6 = 0, -5*h + 9 = 19*g - 22*g. Suppose -31*u - 5*l - 20 = -35*u, -5*u + h*l = -25. What is the remainder when 24 is divided by u?
4
Suppose t = -t + 6. Suppose 2*b = 3*r - 10, 7*b = r + 8*b. Suppose r*d = 4*i - 38, -6*d = 2*i - 4*d - 4. What is the remainder when i is divided by t?
1
Suppose 11 + 73 = -7*d. Let w = d - -17. Suppose n + 64 = w*n. Calculate the remainder when 28 is divided by n.
12
Suppose -800 = -3*r + 8*j - 4*j, 0 = -2*r - 2*j + 510. Calculate the remainder when 101 is divided by 19/(-133) - r/(-7).
27
Let c(d) = 215*d**2 + 2*d - 3. Let m be c(-1). Let t = 214 - m. Calculate the remainder when (-2)/4 - (-117)/6 is divided by t.
3
Suppose -6*q - b + 6031 = 0, 257 - 247 = -2*b. Calculate the remainder when q is divided by 48.
46
Suppose 6*b + 3 = 7*b. Suppose 25 = j + 5*m, b*m - 3 - 9 = 0. What is the remainder when 25 is divided by j?
0
Suppose -j - 502 = -4*j - 2*b, 0 = 5*j - 3*b - 843. Suppose h = -3*h + j. Let y = -38 + h. Calculate the remainder when 7 is divided by y.
3
Let d = -3776 + 3827. Calculate the remainder when 305 is divided by d.
50
Let t(d) = d**3 - 9*d**2 + 4*d - 6. Suppose 2*u + 0*u = -24. Calculate the remainder when t(9) is divided by -2 + 5 - (u - -4).
8
Let b(a) = 36*a - 1. Let q(d) be the second derivative of d**4/12 + 2*d**3/3 + d**2/2 + 10*d. Let l be q(-4). What is the remainder when b(l) is divided by 6?
5
Suppose j - 57 = -3*y + 211, 987 = 4*j - 5*y. Let t = j + -204. What is the remainder when 190 is divided by t?
43
Let w = -42 + 47. Suppose 11 = -w*q + 41. Let f = q + -2. Calculate the remainder when 18 is divided by f.
2
Let j = -112 + 1262. Suppose 5*v = j + 230. Calculate the remainder when v is divided by 28.
24
Calculate the remainder when 319 is divided by (-3 + -3)/((-161)/(-207))*-14.
103
Let f(a) = 98*a - 106. Calculate the remainder when 329 is divided by f(2).
59
Suppose -x + 358 = 4*r - 43, -1589 = -4*x - r. Calculate the remainder when x is divided by 136.
125
Let d = 153 + -158. Let t(y) = 3*y**2 + 12*y - 1. What is the remainder when 135 is divided by t(d)?
9
Let w(c) = 5*c**3 - 3*c**2 + 31*c + 34. Calculate the remainder when w(5) is divided by 366.
7
Let v = -6663 + 6824. What is the remainder when 594 is divided by v?
111
Let m(i) be the first derivative of -8*i**2 - 64*i + 1. Calculate the remainder when m(-12) is divided by 33.
29
Suppose 1856 + 993 = 5*s - 3*d, -5*s = 3*d - 2801. Calculate the remainder when s is divided by 556.
9
Suppose -7*l + 2724 = -1273. Suppose 542 = 21*a - l. Calculate the remainder when a is divided by (-482)/(-18) + 6/27.
26
Let h(k) = 174*k + 1348. Calculate the remainder when h(0) is divided by 52.
48
Suppose -4*t = -r + 112, 5*t + 0*r = -3*r - 123. Let i(o) = -15*o - 30. Let d be i(0). Let v = t - d. What is the remainder when v is divided by 2?
1
Suppose -349*w + 176*w = -177*w + 200. Suppose -5*p + 2317 = 592. Calculate the remainder when p is divided by w.
45
Let o = -191